-7
(1 - (24 - 9)) + 42 + 0
28
What is (-3 - -12 - (1 + 5)) + (-5 - -3)?
1
Evaluate 55 + -55 + (1 - (0 + 1 + -2)).
2
What is (6 + 22 - 11) + 2 + 3?
22
Evaluate -1 + 14 - (4 + 15).
-6
What is the value of 0 + 14 + (-11 - (-24 + 1))?
26
What is the value of 4 - (7 + -3 + 6 + -3) - -2?
-1
What is 26 + (-38 + 23 - (0 + -4 - 3))?
18
Evaluate (2 + -2 - (30 - 27)) + -10 + 16.
3
Calculate -1 + -4 + 3 + 7 - 7.
-2
Evaluate 3 + 0 + (-34 - (-13 - 12)).
-6
Evaluate (-5 - (-11 - -1)) + -9 + 1.
-3
What is -4 - -1 - (14 + 29 + -30)?
-16
What is the value of 0 + -7 + -3 + 14?
4
Calculate -17 + 71 + -94 - (-10 + 2).
-32
What is -9 + (-12 - -25) + 9?
13
What is the value of (-5 - -1) + 2 + -1 + 1 + -10?
-12
Calculate -10 - (0 + (8 - 8) + -1).
-9
-61 + 67 + -9 + -1 + 13 + -5
4
Calculate 0 + -14 + 15 + (-5 - (-12 - -22)).
-14
Calculate 18 + (4 - (9 - 0)).
13
Evaluate -6 - (-49 + -5) - 25.
23
Evaluate -16 - (-5 - (6 + -3 + -1)).
-9
22 - (-19 - (-15 + -4))
22
-20 + 39 + 2 + -4
17
What is the value of 14 + (-14 - (-7 + -4))?
11
Calculate 9 - (11 + -5 + 15).
-12
What is 6 + (-4 - (0 - 4)) + (1 - 6)?
1
What is -10 + 14 + 0 + 28 + -28?
4
Evaluate 7 - (-4 + 8) - (4 + 11 - 20).
8
What is 11 + (-20 - (-5 + 1)) - 9?
-14
What is -3 + 3 + -9 + (319 - 318)?
-8
Calculate -5 - (6 - 32) - (5 + (3 - 2)).
15
What is 1 + 0 + -2 + -3 + (-452 - -445)?
-11
What is the value of (-2 - 5) + -5 + 29 + -9 + -7?
1
Evaluate 17 + (9 - 24) + 0.
2
Evaluate 188 - 196 - (4 + 1).
-13
11 - (0 + -9 - (-143 - -135))
12
Calculate -51 + 45 - (3 - -2).
-11
Calculate -1 - (1 - 0) - (5 - 75 - -73).
-5
Evaluate 12 + -11 + (-3 - (-12 - 1)).
11
What is -13 + 8 + 2 + -3?
-6
What is 10 + (-1 + -10 - -2 - 6) + -11?
-16
(8 - (9 - -3)) + -7 + 1 + 32
22
What is the value of (-11 - -7) + (3 - -2)?
1
What is -6 - (-7 - (2 + -2)) - 4?
-3
Evaluate 45 + (18 - 27) - 27.
9
Evaluate 12 + -3 + (14 - 30) + -7.
-14
What is -3 - (-7 - -22) - -1 - (-4 + 1)?
-14
What is (-1 + -28 - (20 + -10 + -18)) + 3?
-18
What is -14 + (0 - -1) - (-12 + 15)?
-16
What is the value of -33 + -22 + -6 + 15 - -11?
-35
Evaluate -1 + -18 + (17 - 32) + 15.
-19
7 + 0 + 2 + (6 - (24 - 15))
6
What is the value of 4 - -3 - (24 + -18)?
1
What is -1 - (16 - (2 + -6 + 12))?
-9
Evaluate (-7 - (3 - -1 - (25 + -15))) + -3.
-4
Calculate -3 - (-39 + 43 + -21).
14
Calculate 10 + (-8 - -12) + -15 - 18.
-19
Calculate -7 - (16 - 12 - (17 + -3 + 5)).
8
Calculate 3 - (-3 - (-10 + -7 + 5 + 0)).
-6
Evaluate (2 - (5 + -2)) + 4 - (225 + -212).
-10
What is the value of -76 + 73 + 1 + -3 + (2 - -4)?
1
What is the value of 6 + 6 + 1 + (-12 - -12)?
13
Calculate 9 + 4 + -11 + 2 + (-4 - -4).
4
-7 + (1 + (0 - -7) - 1) + 5
5
What is the value of 7 + -12 + 9 + -3 + 10?
11
Calculate 45 - (15 + (16 - 4)).
18
What is (31 - 20) + 10 + -40?
-19
Evaluate (4 - ((-6 - 10) + 10)) + -10 + 0.
0
What is 21 - (54 + -6 + -11)?
-16
What is the value of 5 + (0 - 2 - (-9 - -20)) + 7?
-1
What is the value of -3095 - -3050 - (-2 - (13 - 2))?
-32
Evaluate 2 + -13 - (-2 - (-1 - -9)).
-1
What is (20 - -3) + -13 - -1?
11
50 - 99 - -35 - (2 + 18)
-34
Calculate 23 - 22 - (-7 + (3 - (0 - -1))).
6
Evaluate -84 - -69 - (2 - 0 - 6).
-11
32 - 49 - (-3 + -19)
5
Evaluate (5 - (-6 + 12)) + -1.
-2
What is -5 + (12 - -20) + -21?
6
Evaluate -13 + (6 - -13) + -4.
2
What is -15 + (3 - 9) + 29 - (2 - -15)?
-9
Evaluate (1 + -9 - (5 + 2 + -16)) + -8.
-7
Evaluate -13 + 24 - (9 - -3) - 0.
-1
Evaluate 6 - (18 - 8 - 2 - (12 + -22)).
-12
Calculate 18 + (6 - 1 - (14 + -13)).
22
What is -8 - (38 - 44 - (-6 - -2))?
-6
Calculate (0 - 28) + -1325 + 1323.
-30
What is -4 + (12 - (11 + -1)) + (4 - -4)?
6
Calculate 29 - (18 - (39 - 18) - (-3 - -2)).
31
What is the value of 0 + 11 + (331 - 358)?
-16
Evaluate -19 + 8 + 34 + -23.
0
Evaluate (0 - -2 - 7) + -10 + 23 + 8.
16
What is the value of 6 + (11 - 18 - (8 + -6)) - -8?
5
What is 2 - ((-14 - (14 + -36)) + -2)?
-4
Evaluate -40 + (26 - -13) + 1.
0
What is the value of 2 - 39 - (179 + -195)?
-21
Calculate -13 + -51 + (33 - -14).
-17
Calculate -16 - (0 - 6 - 9).
-1
What is (11 - 42 - -61) + -25?
5
(-38 - (-42 + 5)) + 2
1
What is 17 - 18 - (10 + -1 - 10)?
0
Calculate 35 + -6 + -16 - (-15 - -9).
19
What is the value of (-56 - -52) + (-3 - -17)?
10
What is 2 + -8 + (9 - (8 - -2)) + -5?
-12
Evaluate -6 - -33 - (31 + -26).
22
(-2 - 14) + 2 - (-6 - 16 - -30)
-22
What is the value of -11 + (-9 - -17) + -7 + 31?
21
What is the value of (-497 - -465) + (5 - 1)?
-28
Evaluate 15 - (-14 + -9 + -4 + 18).
24
What is the value of 34 + -33 + (-5 - -1) + 1 + 5?
3
Calculate -11 - (7 - (31 - 18)).
-5
Calculate (6 - (1 - -11)) + 3 - (0 + -8).
5
Evaluate (0 - 1) + 9 + 7 + -10 + -5.
0
What is 7 + (16 - 25) + (13 - -2)?
13
Evaluate (6 - (-4 + (0 - 3) + 10)) + -21.
-18
Calculate 3 - ((20 - 5) + -15).
3
What is (-1 - -2 - 5) + (25 + 8 - 52)?
-23
What is 4 + -6 + -33 + 3?
-32
-3 + 2 + (-53 - -42)
-12
Evaluate 11 + -3 - (5 + 19 + -28 + -13).
25
4 + (-1 + 0 + -4 - (-158 + 166))
-9
-18 - ((4 - 46) + 19 + 12)
-7
Evaluate 38 - 24 - (-8 - -26).
-4
(9 - 17) + 3 + 0 + 0
-5
What is the value of -7 + (-9 - (0 + -15) - -2)?
1
What is the value of (14 + 0 - 7) + (1 - 2) + 2?
8
Evaluate 0 + 1 + 12 - (-3547 + 3566).
-6
What is 486 + -495 + -1 + 18?
8
(-17 + -13 - (2 + -10)) + 9
-13
Calculate 501 - 512 - (1 - -11).
-23
Calculate -27 - -15 - -16 - (-6 - 12).
22
-119 - -114 - (-3 - 6)
4
-16 - (15 + (-12 - 15))
-4
Evaluate -26 + (-7 + 11 - -5) + 4.
-13
What is (-9 - -10) + 16 - 18?
-1
Calculate -1 - ((-12 - -4) + 17).
-10
Calculate 0 - 17 - -1 - (-8 + -1).
-7
Evaluate (3 - (9 - 1)) + (-8 - -8).
-5
Calculate 3 + -3 - -5 - (289 - 307).
23
What is the value of -1 - (8 + (5 - 7))?
-7
Calculate 19 - (19 + -13) - -15 - 1.
27
Evaluate -8 + 35 + -9 + (5 - 8) + 3.
18
What is (28 - (31 - 42)) + -37?
2
What is -18 + (9 + (-6 - 4) - (6 - 3))?
-22
What is -10 + (-2 - -7) - (20 - 7 - -6)?
-24
What is the value of -29 - (12 - (-15 + 34))?
-22
Evaluate 14 - (-69 + 63 - (0 + -17)).
3
Evaluate (-23 - 8) + 1 + (-28 - -46).
-12
What is -33 - (-8 + (11 - 7) + -4 - 2)?
-23
What is 181 + -131 + -2 + -33?
15
What is 19 + (40 + -31 - (3 + 18))?
7
Evaluate 15 + -14 + -7 + 1 + 0.
-5
What is the value of (-3 + 2 - -2) + -74 + 66?
-7
(-1 - -45) + 1018 + -1037
25
-1 - (22 + -25 + (0 - -12))
-10
Evaluate 0 + 4 - (1 - (4 + -4 + 2)).
5
17 + (-7 + -10 + 2 - -12)
14
What is the value of (-3 + 12 - 6 - (-16 - -2)) + -8?
9
Calculate 2 + 0 + -1 - (-1005 - -1010).
-4
Evaluate 5 - (7 + -11) - 3 - 12 - -13.
7
Evaluate (-3 - -1) + 15 + (20 - 8).
25
Evaluate -10 - (12 + -8 + (-6 - -6)).
-14
What is 4 + 12 + (5 - 19)?
2
What is the value of -11 + (30 - (4 - 12 - -3)) + 4?
28
Calculate (-2 - -10) + (-3 - 4 - (1 + -10)).
10
(4 - -4) + (8 - 4) + -11 - -25
26
Calculate 14 - 2 - (-12 + -1 - (93 + -97)).
21
9 + (-10 - -8) + -5 - 6
-4
183 + -198 + (-4 - (-7 + 2) - 13)
-27
Calculate -6 - (44 + -19 - 48).
17
What is the value of 4 - -4 - (31 + 0 + -1 + -2)?
-20
Calculate -17 + (21 - 8) - (-1 + -7).
4
Evaluate 1 - (-13 - -14 - (0 - 20)).
-20
What is the value of -21 + 2 - (-12 + (-16 - -30 - 4))?
-17
Evaluate (3 - (1 - 0)) + (12 - (33 + -16)).
-3
What is the value of -3 + (3 + 0 - 11) - (-38 - -45)?
-18
Calculate 19 - (-9 + 9 + (-5 - -6)).
18
What is -31 + 27 + -19 + (-2 - (-9 - -1))?
-17
Calculate 18 + -59 + -23 + 35.
-29
142 + -165 + 40 + 1
18
What is the value of -35 + 40 - (2 + (4 - 4 - -3))?
0
Calculate -7 + -29 + 4 + 9.
-23
What is the value of -8 + (0 + -18 - -3)?
-23
Calculate 1 - 4 - (-3 - (-9 + 20)).
11
-21 - (-14 + 2 - 0)
-9
Calculate -1 - -7 - (-1 - 6 - -11).
2
Evaluate -1 + -14 - -3 - (-142 - -145).
-15
What is 0 + 39 + -39 + (-1 - -6)?
5
(-4 - -38) + -1 + -11 + -10
12
Calculate -5 + -8 - ((9 - 2) + (-6 - -1)).
-15
Calculate (1 - 4) + (-2 - -38) + -37.
-4
-2 + -13 - -27 - ((0 - 2) + 3)
11
What is the value of (11 - (-17 - -39)) + -7?
-18
Calculate (0 - (19 - 1)) + 20.
2
Calculate -11 - (-23 + (-6 - -11)).
7
4 - ((0 - 0) + -83 + 81) - -5
11
7 + -52 + 31 + 29
15
Calculate (11 - 5) + 2 + 5 - 3.
10
What is 14 + -13 + -12 + 9?
-2
11 - (0 + (-3 - -23))
-9
What is the value of 1 - (27 + -2) - (-47 + 48)?
-25
What is the value of 1 + (-3 - -6) + (-95 - -97)?
6
What is (18 - (-11 - -22)) + -4 + 20?
23
What is 2 - (-29 - (-3 - 23))?
5
Calculate (4 - (-13 - 5)) + 20 + -1.
41
Eva